se 4?
-1201
-1 (base 8) to base 16
-1
-14 (base 13) to base 5
-32
-1 (base 2) to base 15
-1
146 (base 8) to base 4
1212
Convert 36 (base 8) to base 4.
132
Convert 6c (base 14) to base 10.
96
Convert 20 (base 6) to base 14.
c
Convert 21 (base 10) to base 9.
23
-320 (base 7) to base 14
-b7
Convert -7 (base 10) to base 4.
-13
-6c (base 14) to base 12
-80
Convert 17 (base 12) to base 9.
21
3 (base 16) to base 13
3
Convert 3 (base 11) to base 8.
3
Convert -15 (base 7) to base 4.
-30
Convert -5 (base 8) to base 15.
-5
Convert -3 (base 4) to base 8.
-3
What is 21 (base 3) in base 6?
11
What is -2 (base 10) in base 7?
-2
Convert -b (base 15) to base 6.
-15
Convert 16 (base 16) to base 3.
211
-9 (base 16) to base 4
-21
Convert -2c (base 13) to base 14.
-2a
Convert 46 (base 12) to base 5.
204
Convert -12 (base 7) to base 8.
-11
-2 (base 9) to base 11
-2
Convert 30 (base 4) to base 8.
14
-99 (base 12) to base 8
-165
Convert d (base 16) to base 11.
12
Convert -17 (base 10) to base 5.
-32
What is 313 (base 7) in base 14?
b3
-3 (base 8) to base 2
-11
What is -32 (base 15) in base 4?
-233
-1 (base 11) to base 5
-1
Convert -303 (base 4) to base 8.
-63
Convert -100 (base 4) to base 12.
-14
-9 (base 12) to base 8
-11
-1 (base 8) to base 11
-1
Convert 3 (base 6) to base 13.
3
Convert 2 (base 12) to base 11.
2
Convert 42 (base 15) to base 12.
52
What is 3 (base 10) in base 6?
3
c (base 16) to base 2
1100
Convert 34 (base 6) to base 3.
211
Convert 7 (base 8) to base 11.
7
2 (base 11) to base 10
2
What is 0 (base 15) in base 7?
0
-32 (base 5) to base 2
-10001
-83 (base 13) to base 10
-107
-20 (base 4) to base 11
-8
What is 320 (base 4) in base 15?
3b
Convert -4 (base 14) to base 11.
-4
21 (base 3) to base 16
7
5 (base 8) to base 14
5
100 (base 3) to base 4
21
Convert 1200 (base 3) to base 10.
45
Convert -7 (base 12) to base 6.
-11
-3 (base 16) to base 4
-3
Convert 2 (base 5) to base 7.
2
Convert -1 (base 12) to base 14.
-1
Convert 16 (base 13) to base 2.
10011
What is -20 (base 4) in base 8?
-10
What is -a (base 13) in base 7?
-13
What is -120 (base 7) in base 2?
-111111
What is -43 (base 7) in base 15?
-21
Convert 0 (base 10) to base 13.
0
Convert 5 (base 7) to base 10.
5
What is -1 (base 13) in base 8?
-1
-2 (base 5) to base 4
-2
10 (base 2) to base 10
2
What is a (base 13) in base 7?
13
Convert 1112 (base 3) to base 10.
41
-54 (base 9) to base 16
-31
Convert -1 (base 2) to base 4.
-1
Convert 363 (base 7) to base 13.
11a
-4 (base 13) to base 15
-4
What is -10010 (base 2) in base 4?
-102
Convert -c8 (base 15) to base 8.
-274
Convert 41 (base 12) to base 10.
49
e5 (base 15) to base 6
555
What is 216 (base 10) in base 5?
1331
23 (base 6) to base 7
21
What is -61 (base 10) in base 4?
-331
3 (base 11) to base 13
3
Convert -1 (base 3) to base 6.
-1
Convert -167 (base 15) to base 4.
-11002
3 (base 16) to base 3
10
-35 (base 6) to base 4
-113
11 (base 14) to base 2
1111
Convert -b9 (base 13) to base 16.
-98
-26 (base 9) to base 15
-19
-31 (base 6) to base 13
-16
-113 (base 4) to base 7
-32
Convert 3 (base 16) to base 3.
10
What is -421 (base 7) in base 10?
-211
Convert -30 (base 5) to base 11.
-14
45 (base 8) to base 4
211
Convert -23 (base 7) to base 14.
-13
What is -92 (base 13) in base 16?
-77
What is -160 (base 11) in base 5?
-1222
-33 (base 12) to base 8
-47
0 (base 16) to base 5
0
Convert 4 (base 7) to base 2.
100
What is -20 (base 4) in base 3?
-22
What is a (base 14) in base 10?
10
a6 (base 11) to base 4
1310
What is -4 (base 16) in base 14?
-4
55 (base 7) to base 9
44
What is -203 (base 4) in base 13?
-29
Convert a9 (base 13) to base 2.
10001011
Convert -1 (base 9) to base 7.
-1
Convert -30 (base 6) to base 11.
-17
Convert 63 (base 7) to base 8.
55
Convert 1 (base 10) to base 5.
1
Convert -17 (base 15) to base 2.
-10110
What is 45 (base 8) in base 11?
34
Convert -1 (base 15) to base 6.
-1
Convert 3 (base 6) to base 2.
11
3 (base 15) to base 11
3
Convert 6 (base 8) to base 15.
6
What is -1000 (base 2) in base 7?
-11
Convert 102 (base 4) to base 5.
33
What is -20 (base 7) in base 3?
-112
What is 11 (base 3) in base 9?
4
What is 72 (base 10) in base 13?
57
-1 (base 12) to base 15
-1
-9 (base 10) to base 7
-12
22 (base 3) to base 9
8
Convert 4 (base 13) to base 15.
4
35 (base 15) to base 3
1212
Convert 11 (base 13) to base 8.
16
Convert 20a (base 11) to base 6.
1100
What is -30 (base 6) in base 12?
-16
201 (base 3) to base 2
10011
-52 (base 12) to base 6
-142
9b (base 13) to base 16
80
What is 3 (base 8) in base 16?
3
-1 (base 5) to base 8
-1
Convert 12 (base 3) to base 10.
5
186 (base 12) to base 15
116
27 (base 13) to base 14
25
Convert 1 (base 14) to base 12.
1
What is 1010111 (base 2) in base 4?
1113
Convert 31 (base 6) to base 5.
34
Convert -110011 (base 2) to base 5.
-201
-13 (base 8) to base 13
-b
100110111 (base 2) to base 6
1235
What is 30 (base 5) in base 8?
17
-128 (base 14) to base 15
-107
-b (base 15) to base 10
-11
Convert -60 (base 10) to base 8.
-74
What is -2 (base 4) in base 3?
-2
-1b (base 15) to base 3
-222
-2 (base 3) to base 7
-2
-20 (base 7) to base 5
-24
Convert 1 (base 10) to base 7.
1
Convert 304 (base 5) to base 15.
54
Convert 22 (base 7) to base 6.
24
What is 214 (base 6) in base 4?
1102
Convert 3 (base 16) to base 2.
11
3 (base 13) to base 11
3
100 (base 4) to base 2
10000
-13 (base 14) to base 13
-14
What is 22 (base 5) in base 4?
30
14 (base 7) to base 13
b
Convert 1 (base 12) to base 9.
1
38 (base 11) to base 9
45
What is -150 (base 9) in base 14?
-90
What is -13 (base 6) in base 10?
-9
11 (base 3) to base 8
4
What is -12 (base 15) in base 11?
-16
What is 4 (base 5) in base 8?
4
2 (base 12) to base 5
2
Convert 23 (base 4) to base 13.
b
14 (base 9) to base 11
12
62 (base 7) to base 10
44
Convert -12 (base 12) to base 3.
-112
0 (base 9) to base 11
0
What is 13 (base 13) in base 3?
121
Convert -2 (base 14) to base 15.
-2
Convert -2 (base 5) to base 15.
-2
4 (base 11) to base 14
4
32 (base 4) to base 16
e
11a (base 11) to base 12
ba
Convert -4 (base 11) to base 7.
-4
Convert 201 (base 3) to base 5.
34
0 (base 4) to base 16
0
Convert -140 (base 5) to base 12.
-39
1 (base 13) to base 10
1
Convert 11 (base 5) to base 11.
6
5 (base 7) to base 6
5
Convert 236 (base 8) to base 9.
185
Convert 180 (base 15) to base 3.
110210
Convert -1 (base 15) to base 12.
-1
What is -244 (base 6) in base 5?
-400
131 (base 8) to base 6
225
113 (base 4) to base 12
1b
What is 0 (base 15) in base 6?
0
What is -415 (base 7) in base 5?
-1313
Convert 4 (base 6) to base 8.
4
Convert -2 (base 5) to base 4.
-2
Convert -5 (base 13) to base 14.
-5
What is -64 (base 13) in base 9?
-101
Convert 0 (base 8) to base 4.
0
-53 (base 7) to base 15
-28
Convert 1 (base 5) to base 9.
1
Convert -95 (base 12) to base 4.
-1301
What is 22 (base 10) in base 8?
26
What is -4 (base 14) in base 6?
-4
What is -1010000 (base 2) in base 12?
-68
What is 1 (base 8) in base 16?
1
Convert 2 (base 10) to base 16.
2
Convert 1 (base 6) to base 14.
1
-3 (base 10) to base 9
-3
What is 36 (base 11) in base 6?
103
Convert -12120 (base 3) to base 5.
-1100
-169 (base 16) to base 6
-1401
Convert -9 (base 15) to base 10.
-9
-1 (base 7) to base 4
-1
What is -85 (base 14) in base 6?
-313
Convert 5 (base 14) to base 2.
101
What is 100 (base 3) in base 7?
12
10 (base 4) to base 2
100
What is 4 (base 13) in base 11?
4
-34 (base 16) to base 4
-310
What is 111011 (base 2) in base 8?
73
4 (base 13) to base 3
11
What is -20 (base 5) in base 4?
-22
-103 (base 7) to base 14
-3a
Convert -1134 (base 5) to base 10.
-169
What is -64 (base 14) in base 15?
-5d
Convert 0 (base 13) to base 9.
0
What is 3 (base 13) in base 6?
3
What is 1 (base 16) in base 10?
1
10 (base 5) to base 8
5
Convert -4 (base 16) to base 4.
-10
What is -452 (base 6) in base 8?
-260
1110 (base 4) to base 9
103
Convert 18 (base 16) to base 11.
22
What is -1 (base 3) in base 2?
-1
Convert 1110101 (base 2) to base 3.
11100
Convert 1 (base 3) to base 9.
1
-3 (base 6) to base 4
-3
42 (base 9) to base 10
38
-11 (base 11) to base 13
-c
What is 73 (base 15) in base 11?
99
11101 (base 2) to base 3
1002
Convert 2 (base 4) to base 9.
2
What is 3 (base 9) in base 13?
3
What is -2 (base 14) in base 15?
-2
Convert 32 (base 8) to base 9.
28
What is 3 (base 7) in b